t, 0 = -3*c - 0*c - t + 104. Is r/c + -2 + (-4377)/(-7) prime?
False
Let o(t) = -353044*t**3 + 13*t**2 + 33*t + 17. Is o(-2) a prime number?
False
Let o be ((-30)/(-18))/((-2)/3)*-2. Suppose a - 2*m = -7*m + 13, -o*a = -m - 65. Let n(k) = -k**3 + 32*k**2 - 26*k - 27. Is n(a) composite?
True
Let c = 133128 + -94189. Is c a composite number?
True
Let h(w) be the second derivative of 269*w**3/6 + 7*w**2/2 + 49*w - 1. Is h(6) prime?
True
Suppose -923 = 4*h - 5191. Suppose -3*t + 5*j = -1608, 0 = 5*t - 7*t + 5*j + h. Is t prime?
True
Let f be 1 - 0 - (-1 + 4 - -2). Let l(q) = q - 2. Let g be l(f). Is 3 - -667 - g*(-4)/(-8) a composite number?
False
Let t be 4/10 + 21/((-210)/(-76)). Is (4*32822/t - -2)*1 composite?
True
Suppose -5*c = -4*r - 245779, 0 = -5*c - 4*r + r + 245737. Is c prime?
False
Let f be (2 - ((-5)/(-2))/1)*-8. Is 25/20 - 1/f*-5271 composite?
False
Let v be 320961 + (7 - (12 + -4)). Suppose 28*g - 229548 = v. Is g a prime number?
True
Let d be (-7912)/6*(0 - -2 - 5). Let s = d + -1369. Is s a prime number?
False
Let t be 1 + 70/22 - 92/506. Suppose 0 = t*b - 2017 - 1679. Suppose -3464 + b = -4*y. Is y a composite number?
True
Is (-2)/(-4)*(64 - 62 - (0 - 199136)) composite?
True
Suppose -35*i + 40*i + 4*j - 18 = 0, -3*j + 6 = 0. Suppose 3*c + 3 = 0, -c + 6*c = -i*y + 4629. Is y a composite number?
True
Let b(u) = u**3 - 19*u**2 + 49*u - 17. Let p be b(16). Is (-229*27)/p + 4 a prime number?
False
Let v(s) = -3*s**3 - 7*s**2 - 3*s - 1. Let j be v(-3). Let z = 1001 + j. Is z prime?
False
Let d = 5284 - 7995. Let u = d + 3994. Is u a composite number?
False
Let d(f) = f**3 - 6*f**2 + 7*f + 12. Let l be d(4). Let g(x) = 257*x + 123. Is g(l) a prime number?
True
Suppose -4*m = -m + 1974. Suppose 3*w + 2*p = -21 - 3, -p = 3*w + 24. Is (m/w + 2)*4 composite?
False
Let s(r) be the second derivative of 7*r**4 + r**3 + 19*r**2/2 + 4*r - 12. Is s(5) a composite number?
True
Suppose 2*z + 4*y = 12 + 12, 5*z - 5*y - 15 = 0. Suppose -1718 = z*i - 27956. Is i a composite number?
False
Suppose -1 + 9 = 4*f, 78 = 4*o - 3*f. Let b(m) = 28*m - 51. Let j(k) = 141*k - 256. Let y(d) = 11*b(d) - 2*j(d). Is y(o) a prime number?
False
Is 15062 - 60*(-21)/84 composite?
False
Let c(o) = o**3 - 10*o**2 + 9*o + 4. Let u be c(9). Let f be (-17 - 1)/(u/(-30))*1. Suppose -f = 13*z - 5062. Is z a composite number?
False
Suppose 0 = -485*x + 436*x + 13773802. Is x prime?
False
Suppose -19 = -4*n - 23. Let r be (n*21/3)/1. Is (476/(-6))/r*78/4 a prime number?
False
Let c = -86639 + 196062. Is c a composite number?
False
Suppose 8733 = -m + q, -5*m - 2*q + q = 43641. Let n = 16902 + m. Is n a prime number?
False
Let f(t) = -t**3 - 15*t**2 + 35*t - 7. Let n be f(-28). Let q = n - 5748. Is q composite?
False
Suppose -2135*i - 32163313 = -1079*i - 1069*i. Is i composite?
True
Let x(h) = -337418*h - 2855. Is x(-2) composite?
False
Is (3/(-9))/(4/(-2624748)) a prime number?
False
Let j(z) = 76*z**2 + 5*z - 7. Suppose 1 = -2*n + 19. Suppose -2*u - n*u = -22. Is j(u) prime?
True
Let h(l) = -1539*l + 61. Let n = 32 - 40. Is h(n) a prime number?
True
Let i(k) = 5*k + 38. Let f be i(-9). Let l(d) = 2*d**2 + 12*d - 9. Let x be l(f). Suppose 5*m + 2*t - 5597 = -2*t, x*t + 1102 = m. Is m composite?
False
Suppose -9*u = 34 - 7. Let o(i) = 391*i - 18. Let w be o(u). Let y = 2012 + w. Is y a prime number?
True
Suppose 2*x + 116177 = c, 3*c + 1877*x - 1876*x - 348552 = 0. Is c composite?
True
Is ((2546077/69)/(-23))/(0 - 2/12) composite?
True
Let t = 34 + -40. Let c(b) = b**2 - 7*b + 7. Let s be c(t). Suppose m - 2*n - s - 76 = 0, -3*m + 5*n + 486 = 0. Is m prime?
True
Let o = -290 + 292. Suppose -o*j - 4714 = -3*s, 2*s - s - 3*j = 1562. Is s a composite number?
True
Let w be 672/(-104) - (-12)/26. Let b be (1*3)/((-6)/40). Is ((-1590)/b)/(w/(-4)) a composite number?
False
Let v = 57 - 57. Suppose 17*f - 24*f + 11599 = v. Is f composite?
False
Suppose 23*z - 5853673 + 1201302 = 0. Is z a composite number?
False
Suppose 885*p = 882*p + 10983. Suppose -3*l - 2948 = -u, -9542 = -2*u + l - p. Is u a composite number?
False
Let t = -1827246 + 2695849. Is t a composite number?
False
Suppose -12*x + 26925 - 4929 = 0. Suppose 12*z = -j + 9*z + 929, -2*j = z - x. Is j a composite number?
True
Suppose 8*f - 13 - 43 = 0. Suppose -f*o + 20 = -365. Suppose -6*d + 839 + o = 0. Is d prime?
True
Let i = 939 - 152. Suppose 5*o - 202 = -r, -o = -2*r - 2*r + i. Let n = 50 + r. Is n a prime number?
False
Suppose p + 56 = 9*p. Let h(i) be the third derivative of 41*i**5/60 - i**3 + 2*i**2. Is h(p) composite?
False
Let o(u) = 7*u + 232*u**2 + 20 - 4 - 5*u. Let i be o(6). Suppose -4*k + 0*p + i = p, -k = -3*p - 2095. Is k prime?
False
Suppose 0 = -3*b + 12, 5*b + 11002 = 2*l - 34094. Is l composite?
True
Suppose 6*q - 7*q + 17 = 4*w, -5*q = 2*w + 5. Suppose -w*t - 24228 + 109283 = 0. Is t a prime number?
True
Let t(x) = -109*x**2 - 2*x. Let u be t(-2). Suppose 49*g - 16751 = 9978 + 11050. Let h = g + u. Is h prime?
False
Let h be 6/(6/1171) - -5. Let c = 4838 - h. Is c composite?
True
Suppose 8582 = -5*u - 3*t, -3*u + 5*t - 8590 = 2*u. Let h = -1094 - u. Is h prime?
False
Let l(v) = -5*v + 27. Let s be l(0). Let u = -25 + s. Suppose 6 = -u*t + 20. Is t a prime number?
True
Let o be 1*-1*(-4077 - -55). Let f = 7269 - o. Is f prime?
False
Let i(h) be the third derivative of h**6/90 + 7*h**5/24 - 23*h**4/24 + 22*h**2. Let z(m) be the second derivative of i(m). Is z(10) a prime number?
False
Suppose -4*w + 137795 = 31*w. Is w a composite number?
True
Let o(z) = z**3 - 46*z**2 + 46*z - 32. Let r be o(45). Suppose r*w - 14*w - 4*s + 250 = 0, -s = -4*w + 1051. Is w a prime number?
False
Let w(s) be the third derivative of s**5/60 - 17*s**3/6 + 9*s**2. Let b be w(4). Is (-3)/(b/(-31)*-3) a prime number?
True
Suppose 14*s + 593169 = 15*s + 4*i, -2*s = -3*i - 1186327. Is s a prime number?
False
Let b(f) = 31*f - 9 - 85*f + 13*f - 143*f. Let g be b(-7). Is 2 + g + -2 - (1 + -1) composite?
False
Let p be (-9554)/6 - (-1)/3. Let t be ((-210)/(-25))/((-12)/(-7290)). Let v = p + t. Is v a composite number?
False
Suppose -3*m = 4*a - 8398, -5*a - 161*m + 160*m + 10503 = 0. Is a composite?
True
Let h(v) = 397*v**2 + 137*v + 69. Is h(8) prime?
True
Let u(h) be the first derivative of -5050*h**3/3 + 5*h**2/2 + 4*h - 1. Let r be u(-1). Let x = -3228 - r. Is x a composite number?
False
Let c = -35619 - -109178. Is c composite?
True
Suppose -12*l + 184584 = -84588. Is l composite?
True
Suppose 0 = -141*n + 144*n - 5*x - 876029, n + 3*x - 292033 = 0. Is n prime?
False
Let f(c) = 105*c - 23. Let g be f(2). Suppose 5*b - 4*m = 819, b + 2*m + 12 - g = 0. Is b prime?
True
Let d = 22 + -14. Let p be 6/9*636/d. Let g = p - -201. Is g a composite number?
True
Suppose 0 = -4*z - 34*x + 38*x + 1402500, 4*z - 5*x = 1402492. Is z composite?
True
Let h(p) = 2*p**2 + p - 1. Let f be h(1). Suppose 9*o + d + 13 = 14*o, 4*d + 22 = 5*o. Suppose -m + o*i - 109 = -2*m, f*m - 226 = 4*i. Is m a prime number?
False
Let x be (-48)/(-120) + 3646/10. Let c = 189 - 391. Let o = c + x. Is o a composite number?
False
Let i(w) = -w**2 - 13*w + 67. Let p be i(15). Let c = 1486 + p. Is c a prime number?
False
Let d(w) = 78*w**2 + 79*w - 87. Is d(40) prime?
True
Let j(a) = -a**2 - 13*a - 13. Let n be j(-11). Suppose -2*r + n*r = 68873. Is r composite?
False
Let t be -8 + 13 + (7 - -1586). Let w = 4321 - t. Is w composite?
True
Suppose -8174 + 2142 = -4*v. Let f = 11563 - 6156. Suppose -2*j - 3915 = -w, w = -2*j - v + f. Is w a prime number?
True
Suppose -u = 3*z - 6, -3*u + 2 = -z + 2*z. Suppose u*i + 7180 = 4*i. Suppose 4*v - i = -3*w, -880 = -2*v + w + w. Is v composite?
True
Let w = 1130 + 97. Let l(r) = -r + 8. Let t be l(4). Suppose -28 + 330 = k - 5*c, -t*k = -c - w. Is k a composite number?
False
Let i = -250 + 358. Is i*13 + (-1 - -5 - 9) composite?
False
Let w(d) = -36911*d - 2062. Is w(-7) composite?
True
Suppose -4*i = -2*f - 18, i - 5*f + 2*f = 12. Is (i/(-4))/(144/(-1701312)) prime?
True
Let y be (-1 + -3 + 1)/(17/(-85)). Let w(n) = 8*n + 10 - 36 + n - 2*n. Is w(y) a composite number?
False
Let w = -64 + 70. Let r be ((-4)/14)/(1*w/(-42)). Suppose 7*o + 4*p = r*o + 335, 3*o - 201 = p. Is o prime?
True
Let j(h) = -1602 + 145*h + 800 + 805. Sup